{"id":2,"date":"2022-10-02T23:45:53","date_gmt":"2022-10-02T21:45:53","guid":{"rendered":"https:\/\/andreashaecker.de\/wpa\/?page_id=2"},"modified":"2024-02-06T22:17:09","modified_gmt":"2024-02-06T21:17:09","slug":"home","status":"publish","type":"page","link":"https:\/\/andreashaecker.de\/wpa\/","title":{"rendered":""},"content":{"rendered":"\n<div class=\"wp-block-cover alignfull is-light\" style=\"min-height:50px;aspect-ratio:unset;\"><span aria-hidden=\"true\" class=\"wp-block-cover__background has-background-dim-0 has-background-dim\"><\/span><img loading=\"lazy\" decoding=\"async\" width=\"1920\" height=\"1329\" class=\"wp-block-cover__image-background wp-image-218\" alt=\"\" src=\"https:\/\/andreashaecker.de\/wpa\/wp-content\/uploads\/2022\/10\/grafik-3.png\" data-object-fit=\"cover\" srcset=\"https:\/\/andreashaecker.de\/wpa\/wp-content\/uploads\/2022\/10\/grafik-3.png 1920w, https:\/\/andreashaecker.de\/wpa\/wp-content\/uploads\/2022\/10\/grafik-3-300x208.png 300w, https:\/\/andreashaecker.de\/wpa\/wp-content\/uploads\/2022\/10\/grafik-3-1024x709.png 1024w, https:\/\/andreashaecker.de\/wpa\/wp-content\/uploads\/2022\/10\/grafik-3-768x532.png 768w, https:\/\/andreashaecker.de\/wpa\/wp-content\/uploads\/2022\/10\/grafik-3-1536x1063.png 1536w\" sizes=\"auto, (max-width: 1920px) 100vw, 1920px\" \/><div class=\"wp-block-cover__inner-container is-layout-flow wp-block-cover-is-layout-flow\">\n<div class=\"wp-block-group is-layout-flow wp-block-group-is-layout-flow\">\n<h4 class=\"has-text-align-center wp-block-heading\">achtsam leben \/ Kurse und Fortbildungen<\/h4>\n<\/div>\n<\/div><\/div>\n\n\n\n<div style=\"margin-top:0;margin-bottom:0;height:30px\" aria-hidden=\"true\" class=\"wp-block-spacer\"><\/div>\n\n\n\n\n\n<p class=\"has-medium-font-size\" id=\"block-d2dae7cc-29a5-4da1-8888-6519f734b0ed\" style=\"margin-top:0;margin-right:0;margin-bottom:0;margin-left:0;padding-top:var(--wp--preset--spacing--30);padding-right:var(--wp--preset--spacing--30);padding-bottom:var(--wp--preset--spacing--30);padding-left:var(--wp--preset--spacing--30);font-style:normal;font-weight:400\">Im Alltag gelebte Achtsamkeit f\u00f6rdert die Gesundheit nachhaltig. Dies wurde inzwischen durch zahlreiche wissenschaftliche Studien belegt. Und so hat das jahrtausendealte Prinzip der Achtsamkeit heutzutage medizinische Bedeutung erlangt.<\/p>\n\n\n\n<p id=\"block-4401f45b-5727-414b-9544-76f0754b5fe8\" style=\"padding-top:var(--wp--preset--spacing--30);padding-right:var(--wp--preset--spacing--30);padding-bottom:var(--wp--preset--spacing--30);padding-left:var(--wp--preset--spacing--30);font-style:normal;font-weight:400\">Durch regelm\u00e4\u00dfige Achtsamkeits\u00fcbungen k\u00f6nnen wir nicht nur Stress und Burn-Out vorbeugen, sondern lernen, unseren Alltag gelassener zu leben.<\/p>\n\n\n\n<p class=\"has-background-background-color has-background\" id=\"block-84fa651a-983a-4fe5-8d03-814866031db2\" style=\"padding-top:var(--wp--preset--spacing--30);padding-right:var(--wp--preset--spacing--30);padding-bottom:var(--wp--preset--spacing--30);padding-left:var(--wp--preset--spacing--30);font-size:1.4rem;font-style:normal;font-weight:400\">Achtsamkeit l\u00e4sst sich erlernen und durch regelm\u00e4\u00dfiges \u00dcben in den Alltag integrieren.<br><\/p>\n\n\n\n<blockquote class=\"wp-block-quote is-layout-flow wp-block-quote-is-layout-flow\">\n<p class=\"has-foreground-color has-text-color\" id=\"block-95042a80-1cba-4cd2-9203-9106e487df79\" style=\"padding-top:var(--wp--preset--spacing--30);padding-right:var(--wp--preset--spacing--30);padding-bottom:var(--wp--preset--spacing--30);padding-left:var(--wp--preset--spacing--30);font-style:normal;font-weight:400\">\u201eAchtsamkeit bedeutet, auf eine bestimme Weise aufmerksam zu sein: bewusst, im gegenw\u00e4rtigen Augenblick und ohne zu urteilen. Diese Art der Aufmerksamkeit steigert das Gewahrsein und f\u00f6rdert die Klarheit sowie die F\u00e4higkeit, die Realit\u00e4t des gegenw\u00e4rtigen Augenblicks zu akzeptieren.\u201c<\/p>\n<cite>Jon Kabat-Zinn \u201eIm Alltag Ruhe finden\u201c<\/cite><\/blockquote>\n\n\n\n<div style=\"margin-top:0;margin-bottom:0;height:30px\" aria-hidden=\"true\" class=\"wp-block-spacer\"><\/div>\n\n\n\n<p><\/p>\n\n\n\n<figure class=\"wp-block-image size-large\"><img loading=\"lazy\" decoding=\"async\" width=\"1917\" height=\"1079\" src=\"https:\/\/andreashaecker.de\/wpa\/wp-content\/uploads\/2023\/01\/harmony-g4a78d4169_1920-edited-1.jpg\" alt=\"\" class=\"wp-image-606\" srcset=\"https:\/\/andreashaecker.de\/wpa\/wp-content\/uploads\/2023\/01\/harmony-g4a78d4169_1920-edited-1.jpg 1917w, https:\/\/andreashaecker.de\/wpa\/wp-content\/uploads\/2023\/01\/harmony-g4a78d4169_1920-edited-1-300x169.jpg 300w, https:\/\/andreashaecker.de\/wpa\/wp-content\/uploads\/2023\/01\/harmony-g4a78d4169_1920-edited-1-1024x576.jpg 1024w, https:\/\/andreashaecker.de\/wpa\/wp-content\/uploads\/2023\/01\/harmony-g4a78d4169_1920-edited-1-768x432.jpg 768w, https:\/\/andreashaecker.de\/wpa\/wp-content\/uploads\/2023\/01\/harmony-g4a78d4169_1920-edited-1-1536x865.jpg 1536w\" sizes=\"auto, (max-width: 1917px) 100vw, 1917px\" \/><\/figure>\n\n\n\n<div style=\"margin-top:0;margin-bottom:0;height:30px\" aria-hidden=\"true\" class=\"wp-block-spacer\"><\/div>\n\n\n\n<p><\/p>\n\n\n\n<p>In der ein- oder zweit\u00e4gigen Fortbildung lernen die Teilnehmenden, welche konkreten Achtsamkeits\u00fcbungen zu ihnen und ihrem Leben passen, sodass die Sache mit der Achtsamkeit kein guter Vorsatz bleibt, sondern ganz praktisch im eigenen Alltag umgesetzt werden kann.<\/p>\n\n\n\n<div style=\"margin-top:0;margin-bottom:0;height:30px\" aria-hidden=\"true\" class=\"wp-block-spacer\"><\/div>\n\n\n\n<p><\/p>\n\n\n\n<p>Vorkenntnisse sind f\u00fcr die Teilnahme an den Kursen grunds\u00e4tzlich nicht notwendig. Dennoch werden bisherige Erfahrungen rund um das Thema Achtsamkeit selbstverst\u00e4ndlich mit aufgenommen.<\/p>\n\n\n\n<div style=\"margin-top:0;margin-bottom:0;height:61px\" aria-hidden=\"true\" class=\"wp-block-spacer\"><\/div>\n\n\n\n<p>G\u00f6nnen Sie Ihren Mitarbeitenden, Angestellten, Kolleg:innen, sich selbst einen Kurs in Achtsamkeit, zum Kennenlernen, Vertiefen oder Reflektieren praktischer \u00dcbungen, die den Alltag nachhaltig positiv ver\u00e4ndern k\u00f6nnen.<\/p>\n\n\n\n<div style=\"height:30px\" aria-hidden=\"true\" class=\"wp-block-spacer\"><\/div>\n","protected":false},"excerpt":{"rendered":"<p>Im Alltag gelebte Achtsamkeit f\u00f6rdert die Gesundheit nachhaltig. Dies wurde inzwischen durch zahlreiche wissenschaftliche Studien belegt. Und so hat das jahrtausendealte Prinzip der Achtsamkeit heutzutage medizinische Bedeutung erlangt. Durch regelm\u00e4\u00dfige Achtsamkeits\u00fcbungen k\u00f6nnen wir nicht nur Stress und Burn-Out vorbeugen, sondern lernen, unseren Alltag gelassener zu leben. Achtsamkeit l\u00e4sst sich erlernen und durch regelm\u00e4\u00dfiges \u00dcben in [&hellip;]<\/p>\n","protected":false},"author":3,"featured_media":0,"parent":0,"menu_order":0,"comment_status":"closed","ping_status":"open","template":"inv","meta":{"footnotes":""},"class_list":["post-2","page","type-page","status-publish","hentry"],"_links":{"self":[{"href":"https:\/\/andreashaecker.de\/wpa\/wp-json\/wp\/v2\/pages\/2","targetHints":{"allow":["GET"]}}],"collection":[{"href":"https:\/\/andreashaecker.de\/wpa\/wp-json\/wp\/v2\/pages"}],"about":[{"href":"https:\/\/andreashaecker.de\/wpa\/wp-json\/wp\/v2\/types\/page"}],"author":[{"embeddable":true,"href":"https:\/\/andreashaecker.de\/wpa\/wp-json\/wp\/v2\/users\/3"}],"replies":[{"embeddable":true,"href":"https:\/\/andreashaecker.de\/wpa\/wp-json\/wp\/v2\/comments?post=2"}],"version-history":[{"count":177,"href":"https:\/\/andreashaecker.de\/wpa\/wp-json\/wp\/v2\/pages\/2\/revisions"}],"predecessor-version":[{"id":645,"href":"https:\/\/andreashaecker.de\/wpa\/wp-json\/wp\/v2\/pages\/2\/revisions\/645"}],"wp:attachment":[{"href":"https:\/\/andreashaecker.de\/wpa\/wp-json\/wp\/v2\/media?parent=2"}],"curies":[{"name":"wp","href":"https:\/\/api.w.org\/{rel}","templated":true}]}}

<div class="wp-block-cover alignfull is-light" style="min-height:50px;aspect-ratio:unset;"><span aria-hidden="true" class="wp-block-cover__background has-background-dim-0 has-background-dim"></span><img loading="lazy" decoding="async" width="1920" height="1329" class="wp-block-cover__image-background wp-image-218" alt="" src="https://andreashaecker.de/wpa/wp-content/uploads/2022/10/grafik-3.png" data-object-fit="cover" srcset="https://andreashaecker.de/wpa/wp-content/uploads/2022/10/grafik-3.png 1920w, https://andreashaecker.de/wpa/wp-content/uploads/2022/10/grafik-3-300x208.png 300w, https://andreashaecker.de/wpa/wp-content/uploads/2022/10/grafik-3-1024x709.png 1024w, https://andreashaecker.de/wpa/wp-content/uploads/2022/10/grafik-3-768x532.png 768w, https://andreashaecker.de/wpa/wp-content/uploads/2022/10/grafik-3-1536x1063.png 1536w" sizes="auto, (max-width: 1920px) 100vw, 1920px" /><div class="wp-block-cover__inner-container is-layout-flow wp-block-cover-is-layout-flow">
<div class="wp-block-group is-layout-flow wp-block-group-is-layout-flow">
<h4 class="has-text-align-center wp-block-heading">achtsam leben / Kurse und Fortbildungen</h4>
</div>
</div></div>



<div style="margin-top:0;margin-bottom:0;height:30px" aria-hidden="true" class="wp-block-spacer"></div>





<p class="has-medium-font-size" id="block-d2dae7cc-29a5-4da1-8888-6519f734b0ed" style="margin-top:0;margin-right:0;margin-bottom:0;margin-left:0;padding-top:var(--wp--preset--spacing--30);padding-right:var(--wp--preset--spacing--30);padding-bottom:var(--wp--preset--spacing--30);padding-left:var(--wp--preset--spacing--30);font-style:normal;font-weight:400">Im Alltag gelebte Achtsamkeit fördert die Gesundheit nachhaltig. Dies wurde inzwischen durch zahlreiche wissenschaftliche Studien belegt. Und so hat das jahrtausendealte Prinzip der Achtsamkeit heutzutage medizinische Bedeutung erlangt.</p>



<p id="block-4401f45b-5727-414b-9544-76f0754b5fe8" style="padding-top:var(--wp--preset--spacing--30);padding-right:var(--wp--preset--spacing--30);padding-bottom:var(--wp--preset--spacing--30);padding-left:var(--wp--preset--spacing--30);font-style:normal;font-weight:400">Durch regelmäßige Achtsamkeitsübungen können wir nicht nur Stress und Burn-Out vorbeugen, sondern lernen, unseren Alltag gelassener zu leben.</p>



<p class="has-background-background-color has-background" id="block-84fa651a-983a-4fe5-8d03-814866031db2" style="padding-top:var(--wp--preset--spacing--30);padding-right:var(--wp--preset--spacing--30);padding-bottom:var(--wp--preset--spacing--30);padding-left:var(--wp--preset--spacing--30);font-size:1.4rem;font-style:normal;font-weight:400">Achtsamkeit lässt sich erlernen und durch regelmäßiges Üben in den Alltag integrieren.<br></p>



<blockquote class="wp-block-quote is-layout-flow wp-block-quote-is-layout-flow">
<p class="has-foreground-color has-text-color" id="block-95042a80-1cba-4cd2-9203-9106e487df79" style="padding-top:var(--wp--preset--spacing--30);padding-right:var(--wp--preset--spacing--30);padding-bottom:var(--wp--preset--spacing--30);padding-left:var(--wp--preset--spacing--30);font-style:normal;font-weight:400">„Achtsamkeit bedeutet, auf eine bestimme Weise aufmerksam zu sein: bewusst, im gegenwärtigen Augenblick und ohne zu urteilen. Diese Art der Aufmerksamkeit steigert das Gewahrsein und fördert die Klarheit sowie die Fähigkeit, die Realität des gegenwärtigen Augenblicks zu akzeptieren.“</p>
<cite>Jon Kabat-Zinn „Im Alltag Ruhe finden“</cite></blockquote>



<div style="margin-top:0;margin-bottom:0;height:30px" aria-hidden="true" class="wp-block-spacer"></div>



<p></p>



<figure class="wp-block-image size-large"><img loading="lazy" decoding="async" width="1917" height="1079" src="https://andreashaecker.de/wpa/wp-content/uploads/2023/01/harmony-g4a78d4169_1920-edited-1.jpg" alt="" class="wp-image-606" srcset="https://andreashaecker.de/wpa/wp-content/uploads/2023/01/harmony-g4a78d4169_1920-edited-1.jpg 1917w, https://andreashaecker.de/wpa/wp-content/uploads/2023/01/harmony-g4a78d4169_1920-edited-1-300x169.jpg 300w, https://andreashaecker.de/wpa/wp-content/uploads/2023/01/harmony-g4a78d4169_1920-edited-1-1024x576.jpg 1024w, https://andreashaecker.de/wpa/wp-content/uploads/2023/01/harmony-g4a78d4169_1920-edited-1-768x432.jpg 768w, https://andreashaecker.de/wpa/wp-content/uploads/2023/01/harmony-g4a78d4169_1920-edited-1-1536x865.jpg 1536w" sizes="auto, (max-width: 1917px) 100vw, 1917px" /></figure>



<div style="margin-top:0;margin-bottom:0;height:30px" aria-hidden="true" class="wp-block-spacer"></div>



<p></p>



<p>In der ein- oder zweitägigen Fortbildung lernen die Teilnehmenden, welche konkreten Achtsamkeitsübungen zu ihnen und ihrem Leben passen, sodass die Sache mit der Achtsamkeit kein guter Vorsatz bleibt, sondern ganz praktisch im eigenen Alltag umgesetzt werden kann.</p>



<div style="margin-top:0;margin-bottom:0;height:30px" aria-hidden="true" class="wp-block-spacer"></div>



<p></p>



<p>Vorkenntnisse sind für die Teilnahme an den Kursen grundsätzlich nicht notwendig. Dennoch werden bisherige Erfahrungen rund um das Thema Achtsamkeit selbstverständlich mit aufgenommen.</p>



<div style="margin-top:0;margin-bottom:0;height:61px" aria-hidden="true" class="wp-block-spacer"></div>



<p>Gönnen Sie Ihren Mitarbeitenden, Angestellten, Kolleg:innen, sich selbst einen Kurs in Achtsamkeit, zum Kennenlernen, Vertiefen oder Reflektieren praktischer Übungen, die den Alltag nachhaltig positiv verändern können.</p>



<div style="height:30px" aria-hidden="true" class="wp-block-spacer"></div>

<p>Im Alltag gelebte Achtsamkeit fördert die Gesundheit nachhaltig. Dies wurde inzwischen durch zahlreiche wissenschaftliche Studien belegt. Und so hat das jahrtausendealte Prinzip der Achtsamkeit heutzutage medizinische Bedeutung erlangt. Durch regelmäßige Achtsamkeitsübungen können wir nicht nur Stress und Burn-Out vorbeugen, sondern lernen, unseren Alltag gelassener zu leben. Achtsamkeit lässt sich erlernen und durch regelmäßiges Üben in [&hellip;]</p>
