{"id":40,"date":"2022-10-11T20:00:27","date_gmt":"2022-10-11T18:00:27","guid":{"rendered":"https:\/\/andreashaecker.de\/wpa\/?page_id=40"},"modified":"2024-02-06T22:17:35","modified_gmt":"2024-02-06T21:17:35","slug":"ueber-mich","status":"publish","type":"page","link":"https:\/\/andreashaecker.de\/wpa\/ueber-mich\/","title":{"rendered":"\u00fcber mich"},"content":{"rendered":"\n<div class=\"wp-block-cover alignfull is-light\" style=\"min-height:50px;aspect-ratio:unset;\"><span aria-hidden=\"true\" class=\"wp-block-cover__background has-background-dim-0 has-background-dim\"><\/span><img loading=\"lazy\" decoding=\"async\" width=\"1920\" height=\"1329\" class=\"wp-block-cover__image-background wp-image-218\" alt=\"\" src=\"https:\/\/andreashaecker.de\/wpa\/wp-content\/uploads\/2022\/10\/grafik-3.png\" data-object-fit=\"cover\" srcset=\"https:\/\/andreashaecker.de\/wpa\/wp-content\/uploads\/2022\/10\/grafik-3.png 1920w, https:\/\/andreashaecker.de\/wpa\/wp-content\/uploads\/2022\/10\/grafik-3-300x208.png 300w, https:\/\/andreashaecker.de\/wpa\/wp-content\/uploads\/2022\/10\/grafik-3-1024x709.png 1024w, https:\/\/andreashaecker.de\/wpa\/wp-content\/uploads\/2022\/10\/grafik-3-768x532.png 768w, https:\/\/andreashaecker.de\/wpa\/wp-content\/uploads\/2022\/10\/grafik-3-1536x1063.png 1536w\" sizes=\"auto, (max-width: 1920px) 100vw, 1920px\" \/><div class=\"wp-block-cover__inner-container is-layout-flow wp-block-cover-is-layout-flow\">\n<div class=\"wp-block-group is-layout-flow wp-block-group-is-layout-flow\">\n<h4 class=\"has-text-align-center wp-block-heading\">achtsam leben \/ Kurse und Fortbildungen<\/h4>\n<\/div>\n<\/div><\/div>\n\n\n\n<div style=\"height:30px\" aria-hidden=\"true\" class=\"wp-block-spacer\"><\/div>\n\n\n\n<figure class=\"wp-block-image aligncenter size-full is-style-rounded\"><img loading=\"lazy\" decoding=\"async\" width=\"233\" height=\"352\" src=\"https:\/\/andreashaecker.de\/wpa\/wp-content\/uploads\/2022\/10\/Foto-Homepage-Andi.png\" alt=\"\" class=\"wp-image-203\" srcset=\"https:\/\/andreashaecker.de\/wpa\/wp-content\/uploads\/2022\/10\/Foto-Homepage-Andi.png 233w, https:\/\/andreashaecker.de\/wpa\/wp-content\/uploads\/2022\/10\/Foto-Homepage-Andi-199x300.png 199w\" sizes=\"auto, (max-width: 233px) 100vw, 233px\" \/><\/figure>\n\n\n\n<div style=\"height:50px\" aria-hidden=\"true\" class=\"wp-block-spacer\"><\/div>\n\n\n\n<p><strong>Andreas H\u00e4cker<\/strong><\/p>\n\n\n\n<ul class=\"wp-block-list\">\n<li>Ausbildung zum Gesundheits- und Kinderkrankenpfleger<\/li>\n\n\n\n<li>Studium der Philosophie und Romanistik<\/li>\n\n\n\n<li>Beratung in p\u00e4dagogischen und sozialp\u00e4dagogischen Settings<\/li>\n\n\n\n<li>Durchf\u00fchrungen von Seminaren und Unterricht zu philosophischen, ethischen und gesundheitlichen Themen&nbsp;&nbsp;<\/li>\n\n\n\n<li>Inspiration aus Yoga, Meditation und Shaolin<\/li>\n\n\n\n<li>zertifizierter Achtsamkeitstrainer<\/li>\n<\/ul>\n\n\n\n<hr class=\"wp-block-separator has-css-opacity is-style-default\"\/>\n\n\n\n<div class=\"wp-block-columns is-layout-flex wp-container-core-columns-is-layout-28f84493 wp-block-columns-is-layout-flex\">\n<div class=\"wp-block-column is-layout-flow wp-block-column-is-layout-flow\">\n<blockquote class=\"wp-block-quote is-layout-flow wp-block-quote-is-layout-flow\">\n<p>&#8222;Ich sehe Gesundheit als ganzheitlichen und lebenslangen Prozess, der Achtsamkeit erfordert. Dies beginnt mit dem aufmerksamen Erleben des eigenen K\u00f6rpers und schlie\u00dft das Hinterfragen von Glaubenss\u00e4tzen, sowie t\u00e4glich neue Inspirationen aus dem Bereich der Meditation, Medizin und Gesundheitsf\u00fcrsorge mit ein. &#8222;Nobody is perfect&#8220;, das hei\u00dft f\u00fcr mich, wiederholtes \u00dcben und Training sind wichtig, machen Spa\u00df und f\u00fchren zu Lernerfolgen.&#8220;<\/p>\n<cite>Andreas H\u00e4cker<\/cite><\/blockquote>\n<\/div>\n<\/div>\n\n\n\n<div style=\"height:56px\" aria-hidden=\"true\" class=\"wp-block-spacer\"><\/div>\n\n\n\n<div class=\"wp-block-columns is-layout-flex wp-container-core-columns-is-layout-28f84493 wp-block-columns-is-layout-flex\">\n<div class=\"wp-block-column is-layout-flow wp-block-column-is-layout-flow\"><\/div>\n\n\n\n<div class=\"wp-block-column is-layout-flow wp-block-column-is-layout-flow\"><\/div>\n<\/div>\n\n\n\n<figure class=\"wp-block-image aligncenter is-resized has-custom-border is-style-rounded\"><img loading=\"lazy\" decoding=\"async\" src=\"https:\/\/andreashaecker.de\/wpa\/wp-content\/uploads\/2023\/07\/Screenshot_20230711-191831-e1689752444590.png\" alt=\"\" class=\"has-border-color has-cyan-bluish-gray-border-color wp-image-629\" style=\"border-width:8px\" width=\"231\" height=\"516\"\/><\/figure>\n","protected":false},"excerpt":{"rendered":"<p>Andreas H\u00e4cker &#8222;Ich sehe Gesundheit als ganzheitlichen und lebenslangen Prozess, der Achtsamkeit erfordert. Dies beginnt mit dem aufmerksamen Erleben des eigenen K\u00f6rpers und schlie\u00dft das Hinterfragen von Glaubenss\u00e4tzen, sowie t\u00e4glich neue Inspirationen aus dem Bereich der Meditation, Medizin und Gesundheitsf\u00fcrsorge mit ein. &#8222;Nobody is perfect&#8220;, das hei\u00dft f\u00fcr mich, wiederholtes \u00dcben und Training sind wichtig, [&hellip;]<\/p>\n","protected":false},"author":3,"featured_media":0,"parent":0,"menu_order":0,"comment_status":"closed","ping_status":"closed","template":"inv","meta":{"footnotes":""},"class_list":["post-40","page","type-page","status-publish","hentry"],"_links":{"self":[{"href":"https:\/\/andreashaecker.de\/wpa\/wp-json\/wp\/v2\/pages\/40","targetHints":{"allow":["GET"]}}],"collection":[{"href":"https:\/\/andreashaecker.de\/wpa\/wp-json\/wp\/v2\/pages"}],"about":[{"href":"https:\/\/andreashaecker.de\/wpa\/wp-json\/wp\/v2\/types\/page"}],"author":[{"embeddable":true,"href":"https:\/\/andreashaecker.de\/wpa\/wp-json\/wp\/v2\/users\/3"}],"replies":[{"embeddable":true,"href":"https:\/\/andreashaecker.de\/wpa\/wp-json\/wp\/v2\/comments?post=40"}],"version-history":[{"count":9,"href":"https:\/\/andreashaecker.de\/wpa\/wp-json\/wp\/v2\/pages\/40\/revisions"}],"predecessor-version":[{"id":640,"href":"https:\/\/andreashaecker.de\/wpa\/wp-json\/wp\/v2\/pages\/40\/revisions\/640"}],"wp:attachment":[{"href":"https:\/\/andreashaecker.de\/wpa\/wp-json\/wp\/v2\/media?parent=40"}],"curies":[{"name":"wp","href":"https:\/\/api.w.org\/{rel}","templated":true}]}}

über mich

<div class="wp-block-cover alignfull is-light" style="min-height:50px;aspect-ratio:unset;"><span aria-hidden="true" class="wp-block-cover__background has-background-dim-0 has-background-dim"></span><img loading="lazy" decoding="async" width="1920" height="1329" class="wp-block-cover__image-background wp-image-218" alt="" src="https://andreashaecker.de/wpa/wp-content/uploads/2022/10/grafik-3.png" data-object-fit="cover" srcset="https://andreashaecker.de/wpa/wp-content/uploads/2022/10/grafik-3.png 1920w, https://andreashaecker.de/wpa/wp-content/uploads/2022/10/grafik-3-300x208.png 300w, https://andreashaecker.de/wpa/wp-content/uploads/2022/10/grafik-3-1024x709.png 1024w, https://andreashaecker.de/wpa/wp-content/uploads/2022/10/grafik-3-768x532.png 768w, https://andreashaecker.de/wpa/wp-content/uploads/2022/10/grafik-3-1536x1063.png 1536w" sizes="auto, (max-width: 1920px) 100vw, 1920px" /><div class="wp-block-cover__inner-container is-layout-flow wp-block-cover-is-layout-flow">
<div class="wp-block-group is-layout-flow wp-block-group-is-layout-flow">
<h4 class="has-text-align-center wp-block-heading">achtsam leben / Kurse und Fortbildungen</h4>
</div>
</div></div>



<div style="height:30px" aria-hidden="true" class="wp-block-spacer"></div>



<figure class="wp-block-image aligncenter size-full is-style-rounded"><img loading="lazy" decoding="async" width="233" height="352" src="https://andreashaecker.de/wpa/wp-content/uploads/2022/10/Foto-Homepage-Andi.png" alt="" class="wp-image-203" srcset="https://andreashaecker.de/wpa/wp-content/uploads/2022/10/Foto-Homepage-Andi.png 233w, https://andreashaecker.de/wpa/wp-content/uploads/2022/10/Foto-Homepage-Andi-199x300.png 199w" sizes="auto, (max-width: 233px) 100vw, 233px" /></figure>



<div style="height:50px" aria-hidden="true" class="wp-block-spacer"></div>



<p><strong>Andreas Häcker</strong></p>



<ul class="wp-block-list">
<li>Ausbildung zum Gesundheits- und Kinderkrankenpfleger</li>



<li>Studium der Philosophie und Romanistik</li>



<li>Beratung in pädagogischen und sozialpädagogischen Settings</li>



<li>Durchführungen von Seminaren und Unterricht zu philosophischen, ethischen und gesundheitlichen Themen&nbsp;&nbsp;</li>



<li>Inspiration aus Yoga, Meditation und Shaolin</li>



<li>zertifizierter Achtsamkeitstrainer</li>
</ul>



<hr class="wp-block-separator has-css-opacity is-style-default"/>



<div class="wp-block-columns is-layout-flex wp-container-core-columns-is-layout-28f84493 wp-block-columns-is-layout-flex">
<div class="wp-block-column is-layout-flow wp-block-column-is-layout-flow">
<blockquote class="wp-block-quote is-layout-flow wp-block-quote-is-layout-flow">
<p>&#8222;Ich sehe Gesundheit als ganzheitlichen und lebenslangen Prozess, der Achtsamkeit erfordert. Dies beginnt mit dem aufmerksamen Erleben des eigenen Körpers und schließt das Hinterfragen von Glaubenssätzen, sowie täglich neue Inspirationen aus dem Bereich der Meditation, Medizin und Gesundheitsfürsorge mit ein. &#8222;Nobody is perfect&#8220;, das heißt für mich, wiederholtes Üben und Training sind wichtig, machen Spaß und führen zu Lernerfolgen.&#8220;</p>
<cite>Andreas Häcker</cite></blockquote>
</div>
</div>



<div style="height:56px" aria-hidden="true" class="wp-block-spacer"></div>



<div class="wp-block-columns is-layout-flex wp-container-core-columns-is-layout-28f84493 wp-block-columns-is-layout-flex">
<div class="wp-block-column is-layout-flow wp-block-column-is-layout-flow"></div>



<div class="wp-block-column is-layout-flow wp-block-column-is-layout-flow"></div>
</div>



<figure class="wp-block-image aligncenter is-resized has-custom-border is-style-rounded"><img loading="lazy" decoding="async" src="https://andreashaecker.de/wpa/wp-content/uploads/2023/07/Screenshot_20230711-191831-e1689752444590.png" alt="" class="has-border-color has-cyan-bluish-gray-border-color wp-image-629" style="border-width:8px" width="231" height="516"/></figure>

<p>Andreas Häcker &#8222;Ich sehe Gesundheit als ganzheitlichen und lebenslangen Prozess, der Achtsamkeit erfordert. Dies beginnt mit dem aufmerksamen Erleben des eigenen Körpers und schließt das Hinterfragen von Glaubenssätzen, sowie täglich neue Inspirationen aus dem Bereich der Meditation, Medizin und Gesundheitsfürsorge mit ein. &#8222;Nobody is perfect&#8220;, das heißt für mich, wiederholtes Üben und Training sind wichtig, [&hellip;]</p>
